rue
Is 7424219 a prime number?
False
Is 8052167 a composite number?
False
Is 146953621 a composite number?
False
Is 4413823 a composite number?
False
Is 23585677 a prime number?
True
Is 36902657 prime?
False
Is 29693117 composite?
False
Is 139138495 a composite number?
True
Is 198237687 a prime number?
False
Is 527291 a prime number?
True
Is 1170007 a prime number?
True
Is 1046836757 a prime number?
True
Is 55847611 a composite number?
True
Is 1734911 a prime number?
False
Is 1822231 prime?
False
Is 1323557 a composite number?
True
Is 35520799 a prime number?
True
Is 48095743 composite?
False
Is 247612171 a composite number?
False
Is 32840473 composite?
False
Is 1439461 a composite number?
True
Is 112846691 composite?
False
Is 174532703 a composite number?
False
Is 6621323 a prime number?
False
Is 342899 prime?
True
Is 543863 prime?
False
Is 1265809 prime?
False
Is 1164101 prime?
True
Is 1905979 a composite number?
False
Is 3641357 a composite number?
False
Is 57817987 a prime number?
True
Is 759809381 a prime number?
False
Is 3379577 composite?
True
Is 104947589 a prime number?
True
Is 84912771 a composite number?
True
Is 31099547 prime?
False
Is 1127338503 a prime number?
False
Is 61623311 a composite number?
False
Is 9848077 composite?
True
Is 1000573 prime?
False
Is 140204489 a composite number?
False
Is 1031477 a prime number?
True
Is 40373507 a composite number?
False
Is 3710449 a prime number?
False
Is 325239041 prime?
True
Is 806452799 prime?
True
Is 368273 prime?
True
Is 474051763 composite?
False
Is 36433 composite?
False
Is 28073 a prime number?
False
Is 1560457 composite?
False
Is 3925531 composite?
True
Is 43860881 prime?
True
Is 57702419 a composite number?
False
Is 4475855 composite?
True
Is 46137391 composite?
False
Is 5725427 a composite number?
True
Is 113552269 a composite number?
True
Is 795247 prime?
False
Is 756065 a composite number?
True
Is 11147749 a composite number?
True
Is 7592627 a composite number?
True
Is 791773 a composite number?
False
Is 935971 a composite number?
False
Is 178006999 a composite number?
True
Is 31718161 a composite number?
False
Is 226838801 composite?
True
Is 14669419 prime?
False
Is 418619107 prime?
True
Is 71440951 prime?
True
Is 33818569 prime?
True
Is 233173 a composite number?
False
Is 4868737 composite?
True
Is 149149621 prime?
False
Is 121376219 a composite number?
True
Is 472267 composite?
True
Is 45032927 prime?
False
Is 335131939 composite?
False
Is 22562381 a prime number?
True
Is 59343073 a composite number?
True
Is 1042487 a prime number?
True
Is 3667537 a prime number?
True
Is 11408297 composite?
False
Is 96535183 composite?
True
Is 1149697 prime?
False
Is 2210881 a composite number?
False
Is 34933694 composite?
True
Is 71859487 a composite number?
True
Is 3651 a composite number?
True
Is 1521839 prime?
False
Is 3156871 prime?
True
Is 179675603 composite?
True
Is 2224778 a prime number?
False
Is 5290601 a prime number?
True
Is 331840567 a composite number?
True
Is 134121451 a composite number?
False
Is 113146837 a prime number?
False
Is 96928471 prime?
True
Is 272103305 composite?
True
Is 2394451 prime?
True
Is 31761007 prime?
True
Is 2136473 prime?
True
Is 535599131 a prime number?
False
Is 511681 prime?
False
Is 1932223 composite?
False
Is 52480561 composite?
True
Is 3617767 composite?
False
Is 677851 a composite number?
True
Is 1834727 a composite number?
False
Is 331953143 a prime number?
True
Is 413758673 a prime number?
False
Is 1466561 a prime number?
False
Is 303089 composite?
False
Is 24740561 prime?
True
Is 53673281 a prime number?
False
Is 36520909 a composite number?
True
Is 14053933 prime?
True
Is 796921 a prime number?
True
Is 24400681 composite?
False
Is 2324347 composite?
True
Is 28207853 a prime number?
True
Is 8666201 prime?
True
Is 17606227 a composite number?
False
Is 15098491 composite?
False
Is 21823211 prime?
True
Is 432073361 prime?
False
Is 6668377 prime?
True
Is 261701899 a prime number?
True
Is 308849 a composite number?
False
Is 84780589 prime?
False
Is 3405973 a composite number?
False
Is 2210681 a composite number?
True
Is 14296493 a prime number?
False
Is 38617769 composite?
False
Is 69475687 a composite number?
True
Is 182758405 a prime number?
False
Is 11912081 composite?
True
Is 6476693 a composite number?
False
Is 96698879 composite?
False
Is 20696381 prime?
True
Is 15441089 a composite number?
False
Is 55309763 composite?
False
Is 4674841 a prime number?
True
Is 9222461 prime?
True
Is 270121 prime?
True
Is 6058807 composite?
False
Is 122958379 a composite number?
False
Is 106551229 a prime number?
False
Is 2743219 prime?
True
Is 47979111 a composite number?
True
Is 774098849 composite?
False
Is 3161107 prime?
True
Is 5275007 a composite number?
False
Is 296071 a prime number?
True
Is 2186453 a composite number?
False
Is 1351159 prime?
False
Is 45584717 prime?
False
Is 1116091 a prime number?
True
Is 2380121 prime?
True
Is 45484241 a prime number?
False
Is 8272135 a prime number?
False
Is 1445977099 a prime number?
False
Is 7659979 composite?
True
Is 22415897 prime?
False
Is 30713597 prime?
True
Is 32879195 a prime number?
False
Is 78149989 a composite number?
True
Is 13186783 prime?
True
Is 192936721 a prime number?
False
Is 1556063 composite?
True
Is 11389373 prime?
False
Is 25417289 a prime number?
True
Is 28356121 composite?
True
Is 946249 composite?
False
Is 358571 prime?
True
Is 7296803 a prime number?
True
Is 7496803 a composite number?
True
Is 9618529 a prime number?
False
Is 155476549 a prime number?
True
Is 950806 composite?
True
Is 2303489 prime?
True
Is 13997 a composite number?
False
Is 2125733 composite?
False
Is 55048447 a prime number?
True
Is 17743643 a composite number?
True
Is 15649279 prime?
True
Is 28623307 composite?
False
Is 133221001 a prime number?
False
Is 36176329 prime?
False
Is 45752363 prime?
True
Is 10747333 a composite number?
False
Is 191697349 a composite number?
True
Is 8178403 prime?
False
Is 27403 composite?
True
Is 1533997 a prime number?
False
Is 77659921 prime?
False
Is 5416913 composite?
True
Is 12966887 a prime number?
False
Is 354433 a prime number?
False
Is 11218627 a prime number?
False
Is 74972921 a composite number?
True
Is 627293 a prime number?
True
Is 185092381 a composite number?
True
Is 965801 a composite number?
False
Is 18060491 a prime number?
True
Is 305988359 prime?
False
Is 3991703 a prime number?
True
Is 325620707 prime?
True
Is 310355737 composite?
False
Is 491467 a composite number?
True
Is 8764087 a composite number?
False
Is 1580191 prime?
False
Is 5675587 a prime number?
True
Is 22971407 prime?
True
Is 207596531 a composite number?
True
Is 11722283 composite?
False
Is 106394 a composite number?
True
Is 2585857 a prime number?
False
Is 346880087 prime?
False
Is 69290237 composite?
True
Is 8066749 a composite number?
False
Is 13249267 a composite number?
False
Is 2093761 prime?
True
Is 2225101 a composite number?
False
Is 1409159 composite?
False
Is 23751011 composite?
False
Is 25879351 prime?
True
Is 27162959 composite?
False
Is 3090959 a composite number?
False
Is 28363069 a prime number?
False
Is 14733899 prime?
True
Is 68000021 a prime number?
True
Is 3544531 a composite number?
False
Is 14777 a prime number?
False
Is 317209 prime?
True
Is 4798207 a prime number?
False
Is 229987 a prime number?
False
Is 1893761 a composite number?
True
Is 386137801 prime?
False
Is 282104941 a prime number?
True
Is 229413167 composite?
False
Is 29619697 composite?
False
Is 32302247 a prime number?
True
Is 12999979 a composite number?
False
Is 18985957 a prime number?
False
Is 211593521 a prime number?
False
Is 87464141 a composite number?
False
Is 14953847 a composite number?
False
Is 2440643 a composite number?
False
Is 55385717 a prime number?
False
Is 43338119 a prime number?
False
Is 151234753 a prime number?
False
Is 21986989 composite?
False
Is 27447919 a prime number?
True
Is 9545389 a composite number?
True
Is 17427623 prime?
True
Is 247612231 a prime number?
False
Is 1522949 a composite number?
True
Is 62795861 a composite number?
True
Is 13412593 a composite number?
True
Is 23449483 prime?
True
Is 54392729 prime?
True
Is 1674623 a composite number?
False
Is 3644917 a prime number?
Fa